
396
What is the remainder when 6699 is divided by 129?
120
What is the remainder when 24563 is divided by 431?
427
Calculate the remainder when 26130 is divided by 126.
48
What is the remainder when 1351 is divided by 42?
7
What is the remainder when 1455 is divided by 56?
55
Calculate the remainder when 3615 is divided by 177.
75
What is the remainder when 4989 is divided by 1227?
81
What is the remainder when 4313 is divided by 671?
287
Calculate the remainder when 1609873 is divided by 1247.
1243
Calculate the remainder when 122359 is divided by 115.
114
What is the remainder when 16914 is divided by 135?
39
Calculate the remainder when 3617 is divided by 310.
207
What is the remainder when 5392 is divided by 415?
412
Calculate the remainder when 42708 is divided by 54.
48
Calculate the remainder when 77671 is divided by 9.
1
Calculate the remainder when 67249 is divided by 86.
83
Calculate the remainder when 2249 is divided by 2246.
3
Calculate the remainder when 442496 is divided by 11.
10
What is the remainder when 31778 is divided by 7934?
42
What is the remainder when 2779719 is divided by 71?
69
Calculate the remainder when 384076 is divided by 3.
1
Calculate the remainder when 2980 is divided by 1490.
0
What is the remainder when 152213 is divided by 591?
326
What is the remainder when 2326 is divided by 16?
6
What is the remainder when 6102 is divided by 1220?
2
What is the remainder when 467 is divided by 156?
155
Calculate the remainder when 719237 is divided by 1327.
3
Calculate the remainder when 2195 is divided by 79.
62
What is the remainder when 12395 is divided by 309?
35
What is the remainder when 16365 is divided by 5454?
3
What is the remainder when 30568 is divided by 228?
16
Calculate the remainder when 459574 is divided by 733.
716
What is the remainder when 148100 is divided by 2?
0
What is the remainder when 21323 is divided by 474?
467
What is the remainder when 21732 is divided by 76?
72
Calculate the remainder when 430288 is divided by 41.
34
What is the remainder when 60786 is divided by 132?
66
What is the remainder when 41360 is divided by 1253?
11
What is the remainder when 1921 is divided by 3?
1
Calculate the remainder when 25404 is divided by 4178.
336
What is the remainder when 6871 is divided by 413?
263
What is the remainder when 127235 is divided by 269?
267
Calculate the remainder when 2531047 is divided by 13.
12
What is the remainder when 1047 is divided by 33?
24
What is the remainder when 25402 is divided by 6?
4
Calculate the remainder when 826 is divided by 542.
284
What is the remainder when 5285 is divided by 876?
29
Calculate the remainder when 5634 is divided by 626.
0
What is the remainder when 195123 is divided by 39?
6
What is the remainder when 5260 is divided by 640?
140
Calculate the remainder when 38072 is divided by 482.
476
What is the remainder when 3035 is divided by 871?
422
What is the remainder when 76743 is divided by 122?
5
What is the remainder when 21076 is divided by 102?
64
What is the remainder when 2323 is divided by 426?
193
Calculate the remainder when 10446 is divided by 1907.
911
What is the remainder when 27046 is divided by 1126?
22
What is the remainder when 30205 is divided by 472?
469
Calculate the remainder when 437388 is divided by 54672.
12
What is the remainder when 18794 is divided by 223?
62
Calculate the remainder when 2127 is divided by 114.
75
What is the remainder when 9256 is divided by 79?
13
Calculate the remainder when 98212 is divided by 14.
2
Calculate the remainder when 17912 is divided by 8934.
44
Calculate the remainder when 6930 is divided by 121.
33
Calculate the remainder when 249674 is divided by 241.
239
What is the remainder when 1954 is divided by 8?
2
What is the remainder when 119019 is divided by 239?
236
What is the remainder when 130705 is divided by 430?
415
What is the remainder when 5475 is divided by 728?
379
What is the remainder when 331303 is divided by 1123?
18
Calculate the remainder when 6861 is divided by 194.
71
Calculate the remainder when 71038 is divided by 8879.
6
What is the remainder when 112755 is divided by 127?
106
What is the remainder when 47416 is divided by 33?
28
Calculate the remainder when 79037 is divided by 26344.
5
Calculate the remainder when 6184 is divided by 65.
9
What is the remainder when 5977 is divided by 45?
37
Calculate the remainder when 5204 is divided by 127.
124
What is the remainder when 108375 is divided by 19?
18
What is the remainder when 13370 is divided by 2172?
338
What is the remainder when 4565 is divided by 522?
389
What is the remainder when 56993 is divided by 11397?
8
What is the remainder when 690 is divided by 139?
134
What is the remainder when 658331 is divided by 94043?
30
Calculate the remainder when 850 is divided by 378.
94
What is the remainder when 210148 is divided by 52535?
8
Calculate the remainder when 90608 is divided by 1438.
14
Calculate the remainder when 57493 is divided by 57423.
70
Calculate the remainder when 881592 is divided by 411.
408
What is the remainder when 3343 is divided by 134?
127
What is the remainder when 8261 is divided by 1032?
5
What is the remainder when 3398 is divided by 1599?
200
What is the remainder when 348 is divided by 3?
0
What is the remainder when 4442739 is divided by 187?
180
Calculate the remainder when 53659 is divided by 416.
411
What is the remainder when 120990 is divided by 5752?
198
Calculate the remainder when 31021 is divided by 1196.
1121
Calculate the remainder when 2414 is divided by 56.
6
Calculate the remainder when 16323 is divided by 1253.
34
What is the remainder when 13062 is divided by 13028?
34
What is the remainder when 3724 is divided by 163?
138
What is the remainder when 44963 is divided by 22455?
53
Calculate the remainder when 9445 is divided by 304.
21
What is the remainder when 1154 is divided by 180?
74
What is the remainder when 30881 is divided by 1922?
129
What is the remainder when 64767 is divided by 127?
124
What is the remainder when 51431 is divided by 17130?
41
What is the remainder when 5582 is divided by 28?
10
What is the remainder when 4929 is divided by 183?
171
What is the remainder when 4955 is divided by 279?
212
Calculate the remainder when 1492097 is divided by 43.
40
Calculate the remainder when 2565 is divided by 786.
207
What is the remainder when 10347 is divided by 79?
77
What is the remainder when 1182499 is divided by 20?
19
Calculate the remainder when 129080 is divided by 137.
26
What is the remainder when 17637 is divided by 2932?
45
What is the remainder when 1012 is divided by 993?
19
Calculate the remainder when 190920 is divided by 227.
13
What is the remainder when 418 is divided by 69?
4
What is the remainder when 5630 is divided by 81?
41
What is the remainder when 1100553 is divided by 7?
6
Calculate the remainder when 10389 is divided by 297.
291
Calculate the remainder when 86771 is divided by 8.
3
What is the remainder when 73144 is divided by 24379?
7
What is the remainder when 47085 is divided by 327?
324
What is the remainder when 1340 is divided by 24?
20
What is the remainder when 9265 is divided by 575?
65
Calculate the remainder when 5057 is divided by 171.
98
What is the remainder when 6577 is divided by 19?
3
Calculate the remainder when 18592 is divided by 1429.
15
Calculate the remainder when 3632 is divided by 99.
68
Calculate the remainder when 10819 is divided by 10804.
15
What is the remainder when 16840 is divided by 5606?
22
What is the remainder when 179071 is divided by 121?
112
Calculate the remainder when 218 is divided by 124.
94
What is the remainder when 116036 is divided by 730?
696
Calculate the remainder when 10998 is divided by 126.
36
Calculate the remainder when 436617 is divided by 228.
225
Calculate the remainder when 41864 is divided by 5.
4
Calculate the remainder when 41742 is divided by 4.
2
Calculate the remainder when 6267 is divided by 1924.
495
What is the remainder when 1242 is divided by 130?
72
What is the remainder when 1476719 is divided by 48?
47
What is the remainder when 302 is divided by 83?
53
What is the remainder when 312785 is divided by 62556?
5
What is the remainder when 3735 is divided by 351?
